e
Does 55 divide 61270?
True
Is 5182925 a multiple of 32?
False
Is 16814 a multiple of 2?
True
Is 1046 a factor of 1351311?
False
Is 32 a factor of 2204928?
True
Is 1730739 a multiple of 1702?
False
Is 22736 a multiple of 49?
True
Is 277058 a multiple of 23?
True
Does 127 divide 1567053?
True
Is 52 a factor of 104208?
True
Does 163 divide 1094056?
True
Does 79 divide 173112?
False
Is 43236 a multiple of 18?
True
Does 23 divide 667598?
True
Does 220 divide 117389?
False
Is 891961 a multiple of 948?
False
Is 3419295 a multiple of 159?
True
Is 2245214 a multiple of 1830?
False
Is 568041 a multiple of 280?
False
Does 892 divide 15296908?
True
Is 10 a factor of 5581350?
True
Does 1143 divide 5338587?
False
Is 8962 a multiple of 3?
False
Is 695464 a multiple of 7?
True
Does 16 divide 565556?
False
Is 55 a factor of 10505?
True
Is 106288 a multiple of 56?
True
Is 4305620 a multiple of 16?
False
Is 1853787 a multiple of 39?
True
Is 91 a factor of 1410226?
False
Is 49903 a multiple of 3?
False
Is 999507 a multiple of 584?
False
Is 828423 a multiple of 642?
False
Does 611 divide 2154386?
True
Does 44 divide 27544?
True
Does 166 divide 149068?
True
Is 158 a factor of 459306?
True
Is 116070 a multiple of 159?
True
Is 16 a factor of 919440?
True
Does 925 divide 488878?
False
Is 186 a factor of 4594867?
False
Is 5248125 a multiple of 27?
True
Is 174 a factor of 4185048?
True
Does 13 divide 4522713?
True
Is 250 a factor of 10513000?
True
Is 2236480 a multiple of 1205?
True
Does 10 divide 89790?
True
Does 926 divide 142265?
False
Is 18169776 a multiple of 1368?
True
Does 21 divide 42021?
True
Is 1924 a factor of 3656303?
False
Does 101 divide 6012328?
True
Does 63 divide 236936?
False
Is 17 a factor of 1127625?
False
Does 210 divide 2230200?
True
Is 5592576 a multiple of 88?
True
Is 46 a factor of 48270?
False
Does 1568 divide 7200590?
False
Is 268 a factor of 980076?
True
Is 5 a factor of 202090?
True
Is 30 a factor of 877058?
False
Is 15963577 a multiple of 1181?
True
Is 10454769 a multiple of 8?
False
Is 43 a factor of 59856?
True
Is 433 a factor of 662490?
True
Does 367 divide 1568955?
False
Is 1091420 a multiple of 711?
False
Does 58 divide 1481275?
False
Is 192 a factor of 280953?
False
Does 32 divide 506720?
True
Is 6836 a multiple of 10?
False
Is 23 a factor of 93421?
False
Does 382 divide 803728?
True
Does 130 divide 203060?
True
Is 274 a factor of 1184228?
True
Does 25 divide 13279?
False
Is 148 a factor of 476525?
False
Does 8 divide 5818?
False
Is 1695 a factor of 1468692?
False
Does 21 divide 2986?
False
Is 45 a factor of 963180?
True
Does 692 divide 6146662?
False
Is 178560 a multiple of 89?
False
Is 101 a factor of 3119908?
False
Does 105 divide 731232?
False
Is 75 even?
False
Is 6883739 a multiple of 23?
True
Does 6 divide 7920992?
False
Is 9339330 a multiple of 210?
True
Does 245 divide 242795?
True
Is 323736 a multiple of 21?
True
Is 68 a factor of 776473?
False
Does 4 divide 56754?
False
Does 286 divide 54703?
False
Is 548 a factor of 5026220?
False
Does 37 divide 202857?
False
Does 27 divide 4811751?
True
Does 104 divide 71669?
False
Does 296 divide 11252144?
True
Is 22 a factor of 1146090?
True
Is 109717 a multiple of 6?
False
Is 14 a factor of 5101692?
False
Is 4 a factor of 3418267?
False
Is 10801863 a multiple of 74?
False
Is 108502 a multiple of 23?
False
Is 6326359 a multiple of 45?
False
Is 22 a factor of 4718138?
False
Is 2386608 a multiple of 28?
True
Is 470 a factor of 2528600?
True
Does 58 divide 2027330?
False
Is 68 a factor of 353?
False
Is 539 a factor of 736813?
True
Is 11 a factor of 202940?
False
Is 9 a factor of 702315?
True
Does 100 divide 132275?
False
Is 323 a factor of 24664926?
True
Is 50 a factor of 2811528?
False
Is 24220 a multiple of 35?
True
Is 201971 a multiple of 671?
True
Does 401 divide 6981257?
False
Is 714343 a multiple of 19?
True
Is 39 a factor of 4971080?
False
Is 84 a factor of 553055?
False
Is 6148425 a multiple of 1095?
True
Is 244 a factor of 1066415?
False
Is 28857881 a multiple of 42?
False
Is 4888542 a multiple of 25?
False
Does 259 divide 1193731?
True
Is 292 a factor of 9822484?
False
Is 812702 a multiple of 187?
True
Is 1182068 a multiple of 11?
False
Is 10 a factor of 33185?
False
Is 8945200 a multiple of 516?
False
Is 14 a factor of 2878169?
False
Is 134 a factor of 4246058?
True
Is 6632821 a multiple of 14?
False
Is 22579 a multiple of 26?
False
Is 49 a factor of 209161?
False
Is 397116 a multiple of 4?
True
Is 375810 a multiple of 10?
True
Is 139 a factor of 7700322?
True
Does 400 divide 9199339?
False
Is 5 a factor of 16422?
False
Does 30 divide 3116603?
False
Is 421905 a multiple of 34?
False
Is 1635228 a multiple of 927?
True
Is 9862921 a multiple of 220?
False
Does 41 divide 34732?
False
Is 12300205 a multiple of 101?
False
Is 308 a factor of 1924692?
True
Does 372 divide 6288995?
False
Is 7 a factor of 12206?
False
Is 643231 a multiple of 9?
False
Is 285766 a multiple of 429?
False
Is 508995 a multiple of 45?
True
Does 35 divide 128450?
True
Is 11 a factor of 1730322?
True
Is 347072 a multiple of 17?
True
Does 14 divide 288592?
False
Is 360400 a multiple of 136?
True
Is 299051 a multiple of 21?
False
Is 18 a factor of 16092?
True
Is 192320 a multiple of 32?
True
Is 680 a factor of 1396040?
True
Does 23 divide 128685?
True
Does 39 divide 736008?
True
Does 52 divide 440210?
False
Does 10 divide 21550?
True
Is 83017 a multiple of 296?
False
Is 2672382 a multiple of 8?
False
Is 7 a factor of 76153?
True
Is 8475096 a multiple of 709?
False
Is 18 a factor of 49481?
False
Does 16 divide 55851?
False
Is 510 a multiple of 3?
True
Is 798 a factor of 1363782?
True
Is 77 a factor of 116210?
False
Does 174 divide 149303?
False
Does 8 divide 26711?
False
Is 288055 a multiple of 1087?
True
Does 35 divide 13266790?
False
Does 428 divide 207580?
True
Does 52 divide 384210?
False
Is 37 a factor of 156093?
False
Is 181 a factor of 3820186?
True
Is 149037 a multiple of 6?
False
Is 5982900 a multiple of 100?
True
Is 21 a factor of 230278?
False
Is 1322 a factor of 30080788?
True
Is 34 a factor of 2804728?
True
Is 283922 a multiple of 34?
False
Is 38 a factor of 173715?
False
Is 52 a factor of 587184?
True
Does 168 divide 217098?
False
Is 40 a factor of 11666360?
True
Is 144228 a multiple of 14?
True
Does 104 divide 688047?
False
Is 853704 a multiple of 334?
True
Is 112752 a multiple of 696?
True
Is 583 a factor of 936298?
True
Does 283 divide 691086?
True
Does 44 divide 77696?
False
Is 361220 a multiple of 4?
True
Is 118140 a multiple of 12?
True
Is 214720 a multiple of 115?
False
Is 3156075 a multiple of 83?
True
Does 768 divide 4563456?
True
Does 53 divide 2424879?
False
Is 1981 a factor of 1194543?
True
Does 385 divide 1821436?
False
Does 423 divide 79947?
True
Is 182 a factor of 15834?
True
Is 2989 a multiple of 3?
False
Does 267 divide 13625060?
False
Does 14 divide 2470900?
False
Is 22 a factor of 144764?
False
Is 123 a factor of 600363?
True
Is 24 a factor of 6650?
False
Is 12 a factor of 1229401?
False
Does 894 divide 3151559?
False
Is 6 a factor of 26454?
True
Is 106552 a multiple of 159?
False
Is 6172805 a multiple of 86?
False
Is 8 a factor of 26169000?
True
Does 18 divide 7044804?
True
Is 1332876 a multiple of 62?
True
Is 1201348 a multiple of 105?
False
Is 101 a factor of 9695076?
False
Does 55 divide 68255?
True
Is 1961544 a multiple of 6?
True
Is 25 a factor of 127369?
False
Does 14 divide 55720?
True
Is 1205845 a multiple of 405?
False
Is 650888 a multiple of 14?
True
Does 4 divide 7032?
True
Does 96 divide 1050085?
False
Is 170 a factor of 9935990?
True
Is 365676 a multiple of 6?
True
Is 52 a factor of 5161988?
True
Is 10832 even?
True
Is 1741017 a multiple of 1428?
False
Does 534 divide 1321650?
True
Is 1714 a multiple of 16?
False
Does 230 divide 61357?
False
Is 55 a factor of 430118?
False
Is 83623 a multiple of 610?
False
Is 7 a factor of 13984780?
False
Is 1186021 a multiple of 59?
False
Does 4 divide 43666?
False
Is 26 a factor of 2964?
True
Is 74 a factor of 96570?
True
Is 396500 a multiple of 244?
True
Does 9 divide 6697215?
True
Is 2880287 a multiple of 82?
False
Is 7272540 a multiple of 752?
False
Is 16 a factor of 850039?
False
Does 174 divide 1628988?
True
Does 206 divide